{"id":948,"date":"2025-01-23T08:38:26","date_gmt":"2025-01-23T07:38:26","guid":{"rendered":"https:\/\/tangiriboat.com\/?post_type=product&#038;p=948"},"modified":"2025-01-29T20:23:13","modified_gmt":"2025-01-29T19:23:13","slug":"tangiri-trion-650-sx","status":"publish","type":"product","link":"https:\/\/tangiriboat.com\/index.php\/produkt\/tangiri-trion-650-sx\/","title":{"rendered":"TANGIRI TRION 650 SX"},"content":{"rendered":"<p>\u0141\u00f3d\u017a ta zosta\u0142a zaprojektowana z my\u015bl\u0105 o du\u017cych akwenach gdzie \u015bwietnie sobie radzi w trudnych warunkach pogodowych. Du\u017cy przestronny pok\u0142ad pozwala na komfortowe \u0142owienie czterem w\u0119dkarzom. Wysoka burta oraz dno typu V jest gwarantem komfortu w szybkim przemieszczaniu si\u0119 na du\u017cych falach . Modele Trion sprawdzi si\u0119 nie tylko na w\u0119dkarskiej wyprawie ale r\u00f3wnie\u017c podczas rodzinnej rekreacji i do uprawiania sport\u00f3w wodnych.<\/p>\n<p><a href=\"https:\/\/tangiriboat.com\/wp-content\/uploads\/2025\/01\/wyposazenie-standardowe-trion-650.pdf\">Wyposa\u017cenie standardowe<\/a><\/p>\n","protected":false},"excerpt":{"rendered":"<p>\u0141\u00f3d\u017a ta zosta\u0142a zaprojektowana z my\u015bl\u0105 o du\u017cych akwenach gdzie \u015bwietnie sobie radzi w trudnych warunkach pogodowych. Du\u017cy przestronny pok\u0142ad pozwala na komfortowe \u0142owienie czterem w\u0119dkarzom. Wysoka burta oraz dno typu V jest gwarantem komfortu w szybkim przemieszczaniu si\u0119 na du\u017cych falach . Modele Trion sprawdzi si\u0119 nie tylko na w\u0119dkarskiej wyprawie ale r\u00f3wnie\u017c podczas [&hellip;]<\/p>\n","protected":false},"featured_media":873,"template":"","meta":[],"product_cat":[32],"product_tag":[],"class_list":{"0":"post-948","1":"product","2":"type-product","3":"status-publish","4":"has-post-thumbnail","6":"product_cat-lodzie","8":"first","9":"instock","10":"sold-individually","11":"shipping-taxable","12":"purchasable","13":"product-type-simple"},"jetpack_sharing_enabled":true,"_links":{"self":[{"href":"https:\/\/tangiriboat.com\/index.php\/wp-json\/wp\/v2\/product\/948","targetHints":{"allow":["GET"]}}],"collection":[{"href":"https:\/\/tangiriboat.com\/index.php\/wp-json\/wp\/v2\/product"}],"about":[{"href":"https:\/\/tangiriboat.com\/index.php\/wp-json\/wp\/v2\/types\/product"}],"wp:featuredmedia":[{"embeddable":true,"href":"https:\/\/tangiriboat.com\/index.php\/wp-json\/wp\/v2\/media\/873"}],"wp:attachment":[{"href":"https:\/\/tangiriboat.com\/index.php\/wp-json\/wp\/v2\/media?parent=948"}],"wp:term":[{"taxonomy":"product_cat","embeddable":true,"href":"https:\/\/tangiriboat.com\/index.php\/wp-json\/wp\/v2\/product_cat?post=948"},{"taxonomy":"product_tag","embeddable":true,"href":"https:\/\/tangiriboat.com\/index.php\/wp-json\/wp\/v2\/product_tag?post=948"}],"curies":[{"name":"wp","href":"https:\/\/api.w.org\/{rel}","templated":true}]}}